 -2.
-4
Evaluate -11 + 14 - (-1 + -19 - (6 - 7)).
22
What is 47 + -57 - (-35 + 14)?
11
What is -30 + (-3 - 7) + 25 + -6?
-21
What is 7 - -17 - (4 + 7 - -4)?
9
Calculate -51 + 9 - -47 - ((1 - -23) + 0).
-19
Calculate 18 + 10 + -10 + -17 - (26 + -1).
-24
Calculate -11 + (-3 - -7 - (8 - 10)).
-5
Calculate -33 - -36 - (-1 - (8 - 4)).
8
What is the value of 28 + -7 + -4 + -6?
11
Calculate 1 + -1 - (-13 + 11 - (1 - -2)).
5
Calculate (-1 - -33) + 0 + 10 + -21 + 4.
25
33 + 33 + -67 - -3
2
Calculate 5 + (10 - (15 + -1 + -1)).
2
Calculate -6 - (-1 + 2 - (-7 - (5 - 8))).
-11
Evaluate 2 - (15 - 13 - (0 + 3)).
3
What is 0 + (0 - 1 - (-6 - -1))?
4
What is 7 - (5 + (-8 - (-4 + -1 + 1)))?
6
What is (-2 - (1 - -12)) + -13 - -15?
-13
22 + -5 + 0 + -6 + -1 + 0
10
(-7 - -2) + (3 - 9 - 0)
-11
(0 - (13 - 5)) + (-2 - -35)
25
What is (-260 - -282) + 1 + -2?
21
-33 - (-2 - -1) - (151 + -160) - -6
-17
Evaluate -1 + 18 - (43 + -36).
10
Evaluate -2 + (5 - (2 + 3)) + -4 + -4.
-10
Calculate (82 + -36 - 39) + 18 + 1.
26
10 - 21 - 2 - -7
-6
What is 14 - (-13 - -11) - 13?
3
What is the value of -1 - (10 + -16 - (1 - 14))?
-8
What is 1 + -31 - (-110 + 79)?
1
What is the value of (-12 - -20) + (-7 - -12) + -3?
10
Evaluate -2 + 7 - (-1 + -1) - (-20 - -19).
8
Evaluate -31 - (6 + -30) - 5.
-12
Calculate -3 + 17 + -26 + 25.
13
What is the value of 0 - 1 - 9 - (234 + -226)?
-18
Evaluate 6 + (-2 + 1 - -1) - 18.
-12
What is -1 - 9 - (-9 + 10 + -1 - 24)?
14
Evaluate (0 - (-2 - -8)) + -1 + (148 - 135).
6
-6 + (14 + (2 - 7) - -7)
10
Calculate -25 + (48 + -3 - 33).
-13
What is the value of -16 - (-13 - 5) - (15 + 0)?
-13
What is (6 - (11 - 3)) + (-11 - -4)?
-9
What is 46 + -56 - (-4 + -3 + 26)?
-29
Evaluate 1 + -1 + 9 + 1 + (30 - 22).
18
What is the value of 1 + (2 - 5) - (5 - 20 - -17)?
-4
What is 16 - (-4 + 8) - 48 - (-2 + -1)?
-33
Calculate (16 - 24 - -12) + -6 + 0.
-2
What is 23 + -8 - ((-1 - -14) + -1)?
3
What is the value of -40 - (-28 - (-20 + 3)) - 0?
-29
Evaluate 29 + 0 + 8 + 0 + -15.
22
Evaluate (-8 - -1) + (-10 - (-17 - -3)).
-3
(1 + -3 - -15 - 7) + 17 - 5
18
What is the value of 5 + (-23 - -16 - -8)?
6
What is the value of -10 - (30 + -6 - 2 - 14)?
-18
What is the value of 19 - (0 - (-10 + 5))?
14
What is 8 + 46 + 0 + -40?
14
297 - 267 - (0 - -25)
5
Evaluate -30 + 18 + -12 + (0 + -2 - 1).
-27
What is -2 + -8 + 11 + -16 - 0?
-15
Calculate 19 - (-20 - (11 + -30)).
20
5 + -6 - (-65 - -58)
6
Calculate (-35 - -13) + 22 - (1 - -14).
-15
Calculate (-2 - -5) + 1 - ((-92 - -20) + 104).
-28
What is 1 + (5 - (-4 + 6)) + -7?
-3
What is -3 + (19 - 25) - -8?
-1
Evaluate -15 - -19 - (-8 - (-11 + 1)).
2
Evaluate 20 - (-26 + (5 - -23)).
18
What is (2 - (-7 + -2)) + (21 - 0 - 20)?
12
-538 - -560 - (-1 + 11)
12
Evaluate -267 + 288 + (-5 - 0).
16
What is 20 - (-14 + (15 - (-12 + 14)))?
21
What is 14 + 13 - 5 - 9?
13
Evaluate 5 + (7 - 2) - (50 + -35).
-5
Calculate 0 - -4 - (62 + (-38 - -14)).
-34
Evaluate 4 - (1 + -1 - ((-17 - -23) + -4)).
6
Calculate -24 + (12 - 6) + -2.
-20
What is the value of 15 + (-97 - -90 - (-3 - 1))?
12
What is 4 - (40 + -21) - -31?
16
What is -1 + 4 + -7 + -5 + 21?
12
What is the value of 17 - (7 - (2 - (-3 - (5 + -7))))?
13
Evaluate 15 + (6 - (4 - -4)) + -2.
11
What is -1 + 1 - ((-4 - -2) + 7 - -4)?
-9
0 + (-4 - 0) - 11 - -51
36
What is -27 + -32 + 70 - ((-1 - -3) + -7)?
16
What is 6 - (-3 + 12) - -1 - (6 - 8)?
0
What is -2 - 1 - (8 - (11 - -2))?
2
Calculate (64 - (-55 + 107)) + (1 - 11).
2
What is the value of 11 - 3 - ((2 - (-32 + 3)) + -1)?
-22
What is 29 - 21 - (-1 + -3 - -3 - 2)?
11
9 - (10 - (14 + -8))
5
What is -6 - 6 - (-14 + (6 - 8))?
4
What is 4 + (-10 + 13 - -1) + 3 + 2?
13
Evaluate (-2 - -4 - -2) + (-42 - (-75 - -37)).
0
What is 6 + (-17 - -2 - (9 + -4))?
-14
-6 - (17 + -38 + 14)
1
Calculate 13 + (-12 - -7) + -5.
3
Evaluate 13 - (-15 - 7 - -47).
-12
Evaluate -138 + 130 + (14 - 1) + 2 + -4.
3
What is the value of 32 - (-2 - (-23 - -14)) - 14?
11
Evaluate (1 - (-1 + -1)) + (-26 - -34).
11
What is (0 - (1 - 0)) + (224 - 225)?
-2
Calculate -4 - (-6 - -8) - (2 + (-4 - 7)).
3
What is the value of 3 + -16 - (21 + -24 + -17)?
7
3 - (-10 + 0 - -6) - (15 + -6)
-2
What is 1 + -6 + (8 - (6 - -2)) + 2?
-3
Evaluate -60 - -23 - -35 - -38.
36
What is the value of (-6 - (5 + -8)) + 8?
5
What is 5 + -37 - ((-22 - -3) + 9)?
-22
-26 + 12 + 19 + -22
-17
Evaluate (2 - (7 + 15 + -25)) + (1 - -7).
13
12 + -44 + 12 + 7
-13
What is -3 + 2 + (-56 - -49)?
-8
Evaluate (-14 - 5) + 23 - (-1 - -5).
0
Evaluate 27 + (8 - 32) + 22.
25
What is the value of (22 - 0) + -1 - (-21 - (0 - 17))?
25
Evaluate 2 + -13 - (18 + (-54 - -8)).
17
Calculate (22 - (18 + 37)) + (9 - 2).
-26
What is 5 - (-39 - -4) - (-32 - -42)?
30
Calculate -10 - (6 + -11 - 14).
9
What is the value of 19 + 0 + (-10 - 1) - (1 - -5)?
2
What is the value of (-6 - (8 + -20 + 5)) + -15?
-14
Calculate (1 + -9 - 1) + 6 - 13.
-16
What is the value of 2 - -15 - (12 - 4 - -1)?
8
13 - (27 + -15 + 7)
-6
What is the value of -2 + (4 - (3 + -7)) + -22 + 10?
-6
Evaluate 1 + (13 - (51 + -15)) + 8.
-14
Calculate -6 - (2 + 0 + -17 - (49 - 58)).
0
What is the value of -4 + -7 + 10 + -8?
-9
What is the value of 0 + (-76 - -84) + -1 + -2?
5
What is the value of (-1 - 1) + 16 + -12 + (-12 - -31)?
21
What is 24 - 30 - (-20 - (5 + 3))?
22
What is -2 + 2 - -7 - (-10 - -15) - -8?
10
What is the value of 35 + -2 + -6 + -6 + 0 + -4?
17
(1 + -3 - 1 - 3) + (13 - 18)
-11
Evaluate 4 + (5 - (5 - (2 - 10))).
-4
What is (-8 - (-12 + 13)) + -2?
-11
Evaluate 17 + (13 - (-4 - -6)) + -1.
27
5 + -5 + -8 - (-2 - 1)
-5
-1 - 8 - (-3 - -2) - -2
-6
5 - ((-6 - -25) + -16)
2
Calculate 5 + (-5 - ((0 - 1) + -15 + 17)).
-1
4 + -6 + 1 + (14 - -1) + -4
10
Evaluate (-5 - -1) + (30 - 35 - -20) - 1.
10
What is the value of (1 + 0 - 9) + 311 + -292 + -7?
4
Evaluate -2 + 1 + (2 - 13).
-12
What is the value of -1 - (19 + (1 - -4) + -14)?
-11
Evaluate 34 - ((33 - 18) + 9).
10
Evaluate 20 + -13 + 37 + -38.
6
(1 - 5) + 1 - (-5 + 3 + 2)
-3
Evaluate 12 - ((-1 - -4) + (11 - (-2 - -15))).
11
Evaluate -36 - (-16 + -7 + 8).
-21
Evaluate -7 + 25 + -29 + 0 + 4.
-7
What is the value of 7 - (27 - (-5 + (-12 - -15)))?
-22
Calculate -13 + (-9 - -14) + (35 - (-4 - -3)).
28
(5 + -4 + 7 - 3) + (17 - 24)
-2
Calculate 4 - (-8 + (0 - 15) + 9).
18
What is the value of (54 - 75) + (0 - (8 - 4))?
-25
What is the value of -10 - (-46 - (5 - (14 - -1)))?
26
Calculate (8 - (-20 - -15)) + -18.
-5
What is the value of -10 + 4 + -4 + 27?
17
Evaluate -20 - (-19 + 0) - (9 - (-2 - 0)).
-12
Evaluate 8 + 0 + -72 + 77.
13
What is the value of 5 + 9 + -23 + -3 + 12?
0
Calculate 8 - (3 - (13 - (-10 + (10 - 9)))).
27
-18 + -2 + 16 - 5
-9
What is the value of -9 + (0 - ((28 - 12) + (-4 - 4)))?
-17
What is the value of 32 + -12 - 18 - ((-1 - -2) + 9)?
-8
Evaluate -1 - (-6 + (-5 - (4 - 13))).
1
Evaluate (7 - 2) + 36 + (88 - 92).
37
What is (13 - 8) + 4 - (4 - -15)?
-10
8 - 3 - (-13 + 37 + 3)
-22
4 - (2 + -21 - -34)
-11
Evaluate -1 + -1 - (-5 + -16 + 21).
-2
What is the value of 0 + -2 + -6 - (-61 - -24 - -43)?
-14
What is the value of 19 - (0 + -9 - -20)?
8
What is the value of 4 + (-4 - -4) + -3 + 1 + 2?
4
13 + 10 + (-3 - -1) + -9
12
What is 1 - -13 - (-14 + 50 + -8)?
-14
Calculate (0 - 12 - (1 - (6 - 9))) + -9.
-25
What is the value of (0 - ((11 - 9) + 2 + -1)) + -7?
-10
What is the value of 1019 - 1024 - (1 - 12)?
6
What is the value of 22 + -6 + 1 - (-9 + 16)?
10
Calculate -3 - (3 - 1) - (74 + -79).
0
What is the value of 3 - (11 - (-5 - (-5 - 6))) - -4?
2
-22 + (-7 - (-11 + -5 + -2 - -6))
-17
Calculate 7 + -15 - (-64 + 65).
-9
What is (1 - (-2 - -4)) + -6 + -15 + 10?
-12
What is the value of 93 + -98 + 2 + 0 + -3?
-6
What is the value of (0 - -11) + -20 + 24 + -5 + 23?
33
Evaluate -15 - (1 - (1 - 1)) - (921 - 925).
-12
Calculate 10 + 3 + (-3 - -3) + -9.
4
What is 3 + -1 + 10 - -5 - 10?
7
What is the value of -12 - (-26 - -3 - -33)?
-22
What is the value of (40 - (15 + -25)) + (-9 - 1) - 7?
33
What is -8 + (-7 - 7) - -10?
-12
What is -9 - (-6 + (8 - 14))?
3
-18 + 12 + -5 + -1 + -4
-16
Evaluate 5277 + -5283 + (0 + 5 - 0 - -1).
0
Calculate -1 + 39 + (-22 - -4).
20
Calculate -2 + -26 - (508 + -548).
12
What is the value of -10 - ((-20 - -11) + -2 + 6)?
-5
Evaluate (7 - 5) + (9 + -7 - 4).
0
(2 - 5 - 10) + -10 + 10
-13
Wha